the tens digit of 1330626419?
1
What is the tens digit of 561209858?
5
What is the hundreds digit of 44360766?
7
What is the hundred thousands digit of 122967062?
9
What is the ten millions digit of 473665825?
7
What is the millions digit of 37470186?
7
What is the ten millions digit of 206806216?
0
What is the tens digit of 2143603250?
5
What is the hundreds digit of 809313548?
5
What is the hundreds digit of 1064278097?
0
What is the ten thousands digit of 568253524?
5
What is the units digit of 1368432302?
2
What is the tens digit of 1050961621?
2
What is the tens digit of 336938628?
2
What is the millions digit of 23044471?
3
What is the hundred millions digit of 1345541561?
3
What is the ten thousands digit of 337606989?
0
What is the units digit of 966505717?
7
What is the units digit of 174203876?
6
What is the hundreds digit of 420869176?
1
What is the hundreds digit of 88823849?
8
What is the tens digit of 78399122?
2
What is the ten millions digit of 1847924969?
4
What is the units digit of 907508650?
0
What is the units digit of 30334805?
5
What is the hundred thousands digit of 551665337?
6
What is the units digit of 43842937?
7
What is the hundreds digit of 696047309?
3
What is the ten thousands digit of 646611735?
1
What is the ten millions digit of 104350150?
0
What is the tens digit of 66501451?
5
What is the units digit of 2054156234?
4
What is the hundreds digit of 298488799?
7
What is the billions digit of 2222449896?
2
What is the ten millions digit of 162339754?
6
What is the hundreds digit of 913655192?
1
What is the thousands digit of 263206137?
6
What is the hundred thousands digit of 678836?
6
What is the ten thousands digit of 319912726?
1
What is the hundred millions digit of 1241427400?
2
What is the hundreds digit of 384569040?
0
What is the ten millions digit of 35126939?
3
What is the hundred millions digit of 1198423359?
1
What is the hundreds digit of 76013972?
9
What is the hundred millions digit of 2283099048?
2
What is the tens digit of 4292670?
7
What is the hundred thousands digit of 3454227158?
2
What is the ten millions digit of 46602591?
4
What is the hundred thousands digit of 119409568?
4
What is the tens digit of 73405580?
8
What is the hundreds digit of 2173213430?
4
What is the hundred thousands digit of 145662070?
6
What is the hundreds digit of 59539253?
2
What is the hundred thousands digit of 432764802?
7
What is the hundreds digit of 16957119?
1
What is the units digit of 538463143?
3
What is the thousands digit of 213952463?
2
What is the thousands digit of 224741626?
1
What is the millions digit of 15366663?
5
What is the millions digit of 883723172?
3
What is the thousands digit of 232196121?
6
What is the hundred thousands digit of 2115523?
1
What is the hundred millions digit of 364503451?
3
What is the millions digit of 51032014?
1
What is the billions digit of 4869292436?
4
What is the units digit of 4173677110?
0
What is the ten millions digit of 153850753?
5
What is the hundreds digit of 656537327?
3
What is the units digit of 734729322?
2
What is the hundreds digit of 1374900267?
2
What is the ten millions digit of 126169425?
2
What is the hundred thousands digit of 162209013?
2
What is the ten thousands digit of 26536861?
3
What is the units digit of 1695766605?
5
What is the tens digit of 24045245?
4
What is the ten thousands digit of 63651515?
5
What is the millions digit of 47907733?
7
What is the billions digit of 3653975170?
3
What is the hundred millions digit of 863543975?
8
What is the ten millions digit of 205596617?
0
What is the thousands digit of 1762760628?
0
What is the units digit of 18312033?
3
What is the units digit of 3616996564?
4
What is the hundred thousands digit of 164970484?
9
What is the hundred thousands digit of 1312409888?
4
What is the units digit of 55352004?
4
What is the tens digit of 84319967?
6
What is the ten millions digit of 361162153?
6
What is the tens digit of 83554208?
0
What is the hundred millions digit of 505760595?
5
What is the thousands digit of 18662136?
2
What is the hundred millions digit of 1189707794?
1
What is the hundreds digit of 476774377?
3
What is the tens digit of 1079682465?
6
What is the thousands digit of 1328243053?
3
What is the thousands digit of 62783439?
3
What is the hundred thousands digit of 358176071?
1
What is the tens digit of 2966414991?
9
What is the ten thousands digit of 398104213?
0
What is the units digit of 5690604927?
7
What is the units digit of 598585479?
9
What is the hundred millions digit of 1860665720?
8
What is the hundred thousands digit of 23331741?
3
What is the ten millions digit of 35922927?
3
What is the hundreds digit of 1385901607?
6
What is the units digit of 1153563932?
2
What is the ten thousands digit of 8259600?
5
What is the hundreds digit of 8650?
6
What is the units digit of 455304638?
8
What is the hundreds digit of 24693947?
9
What is the millions digit of 30615010?
0
What is the millions digit of 42730178?
2
What is the ten millions digit of 96799399?
9
What is the units digit of 26609315?
5
What is the hundred thousands digit of 368583634?
5
What is the ten millions digit of 1123202421?
2
What is the billions digit of 4910163665?
4
What is the units digit of 1086951919?
9
What is the hundred thousands digit of 1503756966?
7
What is the ten millions digit of 1220416010?
2
What is the tens digit of 16304754?
5
What is the hundred thousands digit of 836995484?
9
What is the hundred thousands digit of 11052327?
0
What is the hundreds digit of 1578061641?
6
What is the units digit of 50542675?
5
What is the millions digit of 463308488?
3
What is the ten thousands digit of 335635482?
3
What is the hundred thousands digit of 674883294?
8
What is the hundred millions digit of 106204635?
1
What is the hundred thousands digit of 4284860935?
8
What is the thousands digit of 81236899?
6
What is the millions digit of 3391923?
3
What is the hundreds digit of 1206154859?
8
What is the hundreds digit of 251442640?
6
What is the millions digit of 359540754?
9
What is the ten thousands digit of 4900118266?
1
What is the billions digit of 4544824430?
4
What is the ten thousands digit of 56365017?
6
What is the hundreds digit of 64426937?
9
What is the hundred thousands digit of 8501104?
5
What is the ten thousands digit of 148415181?
1
What is the thousands digit of 444304237?
4
What is the hundred millions digit of 1864094164?
8
What is the ten thousands digit of 131193783?
9
What is the hundreds digit of 63720177?
1
What is the thousands digit of 91313564?
3
What is the millions digit of 17369905?
7
What is the units digit of 4681081959?
9
What is the tens digit of 25073633?
3
What is the hundred thousands digit of 639708096?
7
What is the units digit of 111825753?
3
What is the tens digit of 125408085?
8
What is the hundreds digit of 21006539?
5
What is the hundreds digit of 372303865?
8
What is the hundreds digit of 767714832?
8
What is the tens digit of 80608199?
9
What is the hundreds digit of 51593130?
1
What is the tens digit of 473379953?
5
What is the tens digit of 4354551701?
0
What is the hundreds digit of 35179382?
3
What is the millions digit of 120063936?
0
What is the tens digit of 522924?
2
What is the hundreds digit of 14620828?
8
What is the units digit of 3350851122?
2
What is the ten millions digit of 71511090?
7
What is the tens digit of 141795933?
3
What is the units digit of 318829238?
8
What is the hundred thousands digit of 25735071?
7
What is the millions digit of 26208942?
6
What is the ten millions digit of 129494111?
2
What is the billions digit of 3024417411?
3
What is the billions digit of 2558508550?
2
What is the hundreds digit of 32099809?
8
What is the ten thousands digit of 75792588?
9
What is the ten millions digit of 73793752?
7
What is the thousands digit of 60521324?
1
What is the hundred thousands digit of 940865727?
8
What is the ten thousands digit of 236554768?
5
What is the hundreds digit of 2468998122?
1
What is the hundreds digit of 35407967?
9
What is the ten millions digit of 1834547193?
3
What is the ten thousands digit of 13727061?
2
What is the hundred thousands digit of 255605332?
6
What is the hundred millions digit of 3514140034?
5
Wh